f be ((-1)/(15/(-10)))/(7/(-63)). Let c(p) = -6*p**2 - p - p + 3*p**3 - 2*p**3 - 7 + 12*p**2. Calculate c(f).
5
Let j(r) = -3*r**3 + r**2 + r - 1. Suppose 0 = 2*f + 3*g - 0*g - 694, 2*f = -g + 698. Let q be f/56 - 1/4. Let s be ((-6)/4)/(q/(-4)). What is j(s)?
-2
Suppose q - 18 = 4*q. Let b be ((-4)/q)/(1/(-3)). Let u(j) = 17*j**3 + 6*j + 2. Let c(h) = -11*h**3 - 5*h - 2. Let p(x) = -3*c(x) - 2*u(x). Calculate p(b).
4
Let d(p) = p**2 - p. Suppose 0*o - 3*o - 3*t + 69 = 0, -2*t = -2*o + 34. Let v be 3 + (-75)/o - 7/(-4). Calculate d(v).
0
Let r(v) be the third derivative of -v**6/120 + v**5/12 - 5*v**4/24 + v**3/3 + 112*v**2. What is r(4)?
-2
Suppose -3*r + 7*r + 12 = 0. Let h(j) = j**3 + 2*j**2 - 3*j. What is h(r)?
0
Let x(z) = -z**2 + 7*z + 6. Let q(r) = 2*r**2 + 7*r + 14. Let t be q(-4). Suppose -9*j = -6*j - t. Give x(j).
12
Let f(t) be the second derivative of -t**3 + t**2 + t + 7. Give f(4).
-22
Let s(y) = y**3 + 9*y**2 - 10*y + 2. Let f be s(-10). Let r(q) = 7*q**f - 35*q**3 + 33*q**3 + 0 - 6*q**2 - 1. Let u = -2 - -3. Calculate r(u).
-2
Let p(c) be the second derivative of 1/2*c**2 + 0 - 8/3*c**3 + 25*c. Determine p(1).
-15
Let i(c) = -2*c**2 + 2*c - 1. Suppose -4*x + 9*x - 12 = -2*k, 0 = -5*x + k + 9. Determine i(x).
-5
Suppose 2*n + 2*q = -22, -4*n = -5*n + 5*q + 7. Let w(a) = 2*a + 12. Calculate w(n).
-4
Suppose -83*y + 74*y + 189 = 0. Let j(g) = g**3 - 22*g**2 + 21*g + 14. Give j(y).
14
Let u(n) be the third derivative of -5*n**2 + 5/24*n**4 + 0 + 1/6*n**3 + 0*n. What is u(-3)?
-14
Let n be (3 - 3) + 35/(-5). Let d(y) = -12*y - 2 + 2 + 7*y - 4*y**2 + 3*y**2. Give d(n).
-14
Suppose 6*z - 11*z = -25. Suppose 0 = -z*q + 18 + 7. Let h(b) = -13*b - q + 4 + 5*b - 2. Calculate h(-2).
13
Let a(n) be the second derivative of 13*n - 5/2*n**2 - 1/6*n**3 + 0. Let x = 7 + -12. Calculate a(x).
0
Let s(o) be the first derivative of 7*o**2/2 + 10*o - 213. Determine s(-4).
-18
Suppose -33 = 7*a - 10*a. Let y = a + -5. Let s(j) = -2*j + 5. Calculate s(y).
-7
Let v(p) = -5*p - 7. Suppose 0 = -h + 3*d + 5, 20 = -20*h + 16*h + 2*d. Calculate v(h).
28
Let z be (-26)/(-7) - 8/(-28). Let f(k) = -1 - z*k + 3*k - 2*k - 2*k. Suppose 0 = 5*r + 2 + 3. What is f(r)?
4
Let g(q) = -q**3 + q**2 + q - 3. Let i(x) = -3*x**3 + 5*x**2 + 4*x - 14. Let z(b) = 4*g(b) - i(b). Give z(1).
0
Let r be -10 - ((-70)/(-7) + -6). Let y(c) = c + 16. Give y(r).
2
Suppose -4*n + 4*y = -y - 4, 2*y - 26 = -3*n. Let t(s) = 4*s**2 - 6*s**2 - 3 + 0 - 3*s - 3 + 3*s**2. What is t(n)?
12
Let p(g) = -g + 4. Let l be p(2). Suppose 2*n - 5*c = -12, c + 32 = -5*n + l. Let d(h) = -h**2 - 5*h + 1. Give d(n).
-5
Let k(g) = g**3 - g. Let t = -124 - -131. Suppose 0 = l - 0*l - 11. Suppose l*m - t*m = -8. Give k(m).
-6
Let b be 10 + -3 + 2 + -9 + 4. Let q(c) = c**3 - 4*c**2 + 2*c + 9. Give q(b).
17
Let t(c) be the first derivative of c**2 + 11*c - 870. Determine t(-7).
-3
Let k(c) = -2*c - 1. Let y(b) = -5*b - 5. Let f(z) = 2*k(z) - y(z). What is f(-3)?
0
Let q(c) = -23*c + 2 + 22*c - 3 - 1. Let t(v) = -v**2 - 4*v + 2. Let s be t(-5). What is q(s)?
1
Let z(d) = d**2 - d - 3. Let r be 5/1 + (-6)/6. Suppose -r*o + 9*o = -l + 22, l = 2. Let x be (12/8)/((-2)/o). Determine z(x).
9
Let t(l) = 2*l + 1. Let i = 12 + -32. Let u be ((-16)/6)/(i/30). What is t(u)?
9
Let d(i) = 2*i - 12. Let s be d(7). Let a be ((-64)/(-12) - s)*(-3 - 0). Let f(z) = -z - 10. Calculate f(a).
0
Let c(y) = y**3 + 5*y**2 + y + 10. Let b be 48/(-10) - (-1)/(-5). Let s be c(b). Suppose -s = 3*w + 4. Let a(v) = v**3 + 6*v**2 + 4*v. Determine a(w).
15
Let x(c) = c**2 - 6*c + 2. Let w(g) be the second derivative of -1/6*g**3 + 3/2*g**2 + 4*g + 1/12*g**4 + 0. Let m be w(2). Give x(m).
-3
Let x(h) = 4 - h + 21 - 31 - h. Let b(l) = -l + 1. Let u(g) = -3*b(g) + x(g). Calculate u(0).
-9
Let j(t) = -t**2 + 11*t - 7. Let q(d) = -d**2 + 12*d - 7. Let w(m) = -3*j(m) + 2*q(m). Let n = -17628 - -17635. What is w(n)?
-7
Suppose -4*t - 21 = -5*l, 0*l + 15 = -l - 4*t. Let z(b) = 1 - 9*b + b - 2*b**2 + 8*b - 18*b**3. Give z(l).
-19
Let v(i) = i - 1. Let k(d) = -3 + d + 3 + 2. Let j(y) = k(y) - 2*v(y). Calculate j(2).
2
Let z(t) = t**3 + t**2 + 2. Suppose 0 = 5*y - 6*y. Calculate z(y).
2
Let r(m) = -5*m**3 + 2*m**2 + 2*m + 1. Let l be 3 - 5*28/35. What is r(l)?
6
Let r(d) = -13*d**2 - 2*d - 1. Suppose 15*v - 16*v = -3. Let y be (12/18)/(1/v*-2). Determine r(y).
-12
Let f(r) = -13*r**2 - 2*r - 11. Let w(n) = 7*n**2 + n + 6. Let x(h) = -6*f(h) - 11*w(h). Give x(-1).
0
Let u(n) = 77*n - 77. Let x be u(1). Let b(m) = -m**2 - m - 2. Calculate b(x).
-2
Let a(m) = m + 2. Suppose 0 = -2*u, 3*u = -2*z - 0*u. Suppose 5*b = -z*b - 10. Determine a(b).
0
Let i(o) = -2*o**3 - 7*o**2 + 7*o + 4. Let j(n) = -5*n**2 + 5*n + 3. Let w(l) = -2*i(l) + 3*j(l). Determine w(-1).
-5
Let c(w) be the third derivative of -1/24*w**4 + 16*w**2 + 0 + 0*w - 1/6*w**3. What is c(-1)?
0
Let a(t) = t**3 - 4*t**2 + 7*t - 2. Let k be a(2). Let g(n) = -1 - 7 + 1 + k*n + 6. What is g(1)?
3
Let s(p) = -5*p - 2. Suppose 8*h = 4*h + 24. Let r(m) be the third derivative of m**4/6 + m**3/3 + m**2. Let v(a) = h*r(a) + 5*s(a). Give v(-3).
5
Let r(m) = m**2 + 2*m + 2. Let t(v) = -v**3 - v**2 + v - 2. Let p(f) = f**2 + 6*f - 16. Let x be p(-8). Let a be t(x). Determine r(a).
2
Let l(b) = -34*b - 6*b**2 + 1 - b**2 - 36*b + 8*b**2 + 77*b. Suppose 1 = d + 7. Calculate l(d).
-5
Let j(h) be the third derivative of -h**6/120 + h**5/10 + h**4/4 - h**3/3 + 962*h**2. What is j(6)?
34
Let c be (-1 + 8/(-40))/(3/(-10)). Suppose -2*p = -3*o + o - c, -5*p + 16 = -3*o. Let a(v) = -2*v**2 + 5*v - 4. What is a(o)?
-7
Let l(p) = p + 1. Let h be l(-1). Suppose 0 = -s + 4*w + 12, 0 = w - h*w + 2. Suppose 3*u + 6 = s*u. Let n(i) = -i**3 + 7*i**2 - 7*i + 9. Determine n(u).
3
Let b(o) = -14*o**2 - 27 + 46 + 13*o**2 + 10*o. Give b(14).
-37
Let y(p) be the second derivative of -p**5/5 - 11*p**4/6 + p**3/6 - 2*p**2 - 9*p. Let t(a) = a**3 + 7*a**2 + 1. Let r(c) = 7*t(c) + 2*y(c). Determine r(5).
9
Suppose 3*v = -o - 13, -v - 5 = o - 0*o. Let b(n) be the first derivative of -n**4/4 - n**3 + 3*n**2 + 4*n + 238. Give b(v).
-4
Let x(r) = 4*r. Let b(t) = 7*t**2 + 7*t - 16. Let k(h) = -4*h**2 - 4*h + 8. Let d(g) = 3*b(g) + 5*k(g). Let j be d(-3). Determine x(j).
-8
Let r(l) be the third derivative of l**6/120 + l**5/12 - l**4/8 + 13*l**3/6 + 278*l**2. Determine r(-6).
-5
Suppose 0 = 6*f - 31 + 31. Let i(k) = 6*k**3 - k**2 - 6*k + 12. Let c(p) = 5*p**3 - p**2 - 5*p + 11. Let n(u) = -5*c(u) + 4*i(u). What is n(f)?
-7
Let y(f) be the third derivative of f**6/40 + f**4/24 - f**3/3 + 4*f**2. Let r(w) = -13*w**3 - w**2 - 4*w + 9. Let d(a) = -2*r(a) - 9*y(a). Give d(2).
-2
Let a(u) be the first derivative of -1/4*u**4 - 20*u + 0*u**3 + 1/2*u**2 - 7. What is a(0)?
-20
Let r(p) = 3*p**2 - 17*p - 4. Let x be r(6). Let c(v) = -4 + 4 - x - 4 + v. What is c(8)?
2
Let f be 4/6 - 124/(-12). Let a = -74 - -58. Let d = a + f. Let q(y) = -y - 7. What is q(d)?
-2
Let r(m) = -m - 5. Let k = 44 - 20. Suppose -4*l - 2*w = -l + k, 4*w = 2*l. Determine r(l).
1
Let l(q) = 2*q - 4. Let h be l(2). Suppose -5*k - 13 = -4*r, 3*r = -5*k - 0 + 1. Let g(n) = 5 + h*n**2 + 4*n**2 - n - 3*n**r - 4*n. What is g(6)?
11
Let d(f) be the second derivative of f**3/3 - 7*f**2/2 - 9*f - 9. What is d(4)?
1
Let n(g) = -2*g + 40. Let y be (-38)/19*(-33)/3. Give n(y).
-4
Let t(f) = 5*f**3 - f. Suppose 4*l + 6*r = 2*r - 12, 4*r + 20 = 0. Let d be 4/(-16) + 26/8. Suppose -3*s + 3 = -3*m, 3*m - s - d = -l. Determine t(m).
4
Let f(o) = o**3 - o**2 - 23. Suppose 0 = -41*u + 43*u - z - 2, 4 = 3*u - 2*z. Give f(u).
-23
Let s(i) be the third derivative of -i**6/24 - 5*i**4/24 + i**3 - 2*i**2 + 3. Let w be s(1). Let h(x) = -1 + 2*x + x**2 - 2*x + 5*x. Give h(w).
-5
Let y(w) = -4*w**2 - 6*w + 4. Let g(r) = 3*r**2 + 6*r - 4. Let b(k) = -3*g(k) - 2*y(k). Calculate b(-7).
-3
Let w(p) = -6*p + 6. Let c(h) = 2*h. Let y(t) = -2*c(t) - w(t). What is y(3)?
0
Suppose -n - 3 = -0*n. Suppose -6*v + v + 30 = 0. Let h(o) = 5*o - 6 + 0 + 4 + v. Determine h(n).
-11
Let x(m) = -m**3 + 2*m**2 - 2*m + 4. Let w be 7 + -7 + 3 - 0. Give x(w).
-11
Let m(w) be the first derivative of -w**4/4 - 4*w**3/3 + 2*w**2 - 1. Suppose 50 = 4*t + 2. Let u = -17 + t. Determine m(u).
5
Let u(l) = 2*l**3 - 7*l**2 + l**2 -